 of 13178831?
13178831
What are the prime factors of 1706571?
3, 189619
List the prime factors of 241251.
3, 29, 47, 59
List the prime factors of 308880.
2, 3, 5, 11, 13
What are the prime factors of 541703?
79, 6857
List the prime factors of 142412.
2, 35603
List the prime factors of 825230.
2, 5, 7, 11789
What are the prime factors of 6624378?
2, 3, 368021
What are the prime factors of 29701223?
29701223
List the prime factors of 200434.
2, 13, 593
List the prime factors of 131283.
3, 29, 503
List the prime factors of 731935.
5, 17, 79, 109
List the prime factors of 118692.
2, 3, 7, 157
What are the prime factors of 7021600?
2, 5, 67, 131
List the prime factors of 5503638.
2, 3, 7, 59, 2221
What are the prime factors of 20975169?
3, 6991723
List the prime factors of 100287.
3, 11, 1013
List the prime factors of 670325.
5, 26813
List the prime factors of 1157308.
2, 53, 103
What are the prime factors of 618094?
2, 199, 1553
List the prime factors of 63057.
3, 21019
List the prime factors of 889951.
889951
List the prime factors of 9810417.
3, 3270139
List the prime factors of 1969403.
1969403
List the prime factors of 1043965.
5, 13, 16061
What are the prime factors of 252028?
2, 7, 9001
List the prime factors of 664292.
2, 17, 9769
List the prime factors of 171533.
337, 509
List the prime factors of 15347.
103, 149
List the prime factors of 1524109.
1524109
List the prime factors of 1015742.
2, 7, 13, 5581
What are the prime factors of 3073673?
3073673
What are the prime factors of 99739?
17, 5867
List the prime factors of 1272027.
3, 29, 14621
What are the prime factors of 1665626?
2, 17, 48989
List the prime factors of 238125.
3, 5, 127
What are the prime factors of 3595492?
2, 898873
List the prime factors of 951897.
3, 41, 71, 109
List the prime factors of 173780.
2, 5, 8689
What are the prime factors of 339565?
5, 113, 601
List the prime factors of 923226.
2, 3, 153871
What are the prime factors of 736382?
2, 53, 6947
List the prime factors of 94797.
3, 3511
What are the prime factors of 1712037?
3, 31, 41, 449
What are the prime factors of 130117?
13, 10009
What are the prime factors of 221427?
3, 59, 139
What are the prime factors of 2704477?
101, 26777
List the prime factors of 4538024.
2, 599, 947
List the prime factors of 194770.
2, 5, 19477
List the prime factors of 15458637.
3, 37, 139267
List the prime factors of 7928579.
17, 67, 6961
List the prime factors of 2188541.
2188541
List the prime factors of 42419.
13, 251
List the prime factors of 2387295.
3, 5, 53051
What are the prime factors of 759344?
2, 47459
List the prime factors of 21752.
2, 2719
List the prime factors of 4315730.
2, 5, 101, 4273
List the prime factors of 160964.
2, 40241
What are the prime factors of 232759?
43, 5413
What are the prime factors of 216891?
3, 29, 277
What are the prime factors of 133857?
3, 107, 139
List the prime factors of 1861144.
2, 232643
What are the prime factors of 8401386?
2, 3, 7, 200033
List the prime factors of 20263817.
7, 2894831
What are the prime factors of 13767?
3, 13, 353
List the prime factors of 231567.
3, 7, 11027
What are the prime factors of 547893?
3, 17, 3581
List the prime factors of 140019.
3, 11, 4243
List the prime factors of 524387.
524387
List the prime factors of 2113460.
2, 5, 105673
What are the prime factors of 2224992?
2, 3, 7, 11, 43
List the prime factors of 303075.
3, 5, 449
What are the prime factors of 2560924?
2, 640231
List the prime factors of 23168244.
2, 3, 11, 167, 1051
List the prime factors of 1425506.
2, 421, 1693
What are the prime factors of 81839?
81839
List the prime factors of 3890242.
2, 1945121
List the prime factors of 6291072.
2, 3, 43, 127
List the prime factors of 190613.
190613
List the prime factors of 4276011.
3, 1425337
What are the prime factors of 1380424?
2, 172553
What are the prime factors of 289346?
2, 199, 727
What are the prime factors of 326015?
5, 65203
List the prime factors of 409035.
3, 5, 11, 37, 67
List the prime factors of 15858016.
2, 495563
List the prime factors of 55998.
2, 3, 17, 61
List the prime factors of 143850.
2, 3, 5, 7, 137
List the prime factors of 1345872.
2, 3, 11, 2549
List the prime factors of 10554231.
3, 29, 121313
What are the prime factors of 2093800?
2, 5, 19, 29
What are the prime factors of 916868?
2, 229217
What are the prime factors of 269710?
2, 5, 7, 3853
What are the prime factors of 16172043?
3, 5390681
What are the prime factors of 3994546?
2, 103, 19391
What are the prime factors of 94596?
2, 3, 7883
List the prime factors of 78599.
53, 1483
What are the prime factors of 7321718?
2, 937, 3907
What are the prime factors of 1805142?
2, 3, 300857
List the prime factors of 9580986.
2, 3, 532277
What are the prime factors of 271162?
2, 135581
List the prime factors of 430097.
47, 9151
What are the prime factors of 207743?
207743
What are the prime factors of 219868?
2, 11, 19, 263
What are the prime factors of 901342?
2, 13, 34667
List the prime factors of 56477.
56477
What are the prime factors of 1510?
2, 5, 151
What are the prime factors of 1164873?
3, 97, 4003
List the prime factors of 180722.
2, 109, 829
List the prime factors of 302643.
3, 11, 1019
What are the prime factors of 1336521?
3, 445507
List the prime factors of 37804836.
2, 3, 487, 6469
What are the prime factors of 498218?
2, 7, 19, 1873
List the prime factors of 142340.
2, 5, 11, 647
List the prime factors of 5694859.
41, 138899
List the prime factors of 203458.
2, 23, 4423
List the prime factors of 498627.
3, 17, 3259
List the prime factors of 603642.
2, 3, 13, 71, 109
List the prime factors of 109293.
3, 17, 2143
What are the prime factors of 203111?
101, 2011
What are the prime factors of 359165?
5, 29, 2477
What are the prime factors of 3387051?
3, 41, 67, 137
What are the prime factors of 1972302?
2, 3, 113, 2909
What are the prime factors of 589386?
2, 3, 7, 14033
List the prime factors of 6588196.
2, 557, 2957
What are the prime factors of 119938?
2, 7, 13, 659
List the prime factors of 8673436.
2, 29, 74771
What are the prime factors of 4369243?
131, 33353
What are the prime factors of 9325847?
9325847
List the prime factors of 20346305.
5, 7, 581323
What are the prime factors of 461696?
2, 3607
List the prime factors of 501093.
3, 67, 277
List the prime factors of 196672.
2, 7, 439
What are the prime factors of 3286303?
37, 88819
List the prime factors of 108598.
2, 7, 7757
What are the prime factors of 8575272?
2, 3, 119101
What are the prime factors of 10252057?
10252057
What are the prime factors of 143150?
2, 5, 7, 409
What are the prime factors of 10235460?
2, 3, 5, 23, 7417
What are the prime factors of 9699960?
2, 3, 5, 80833
List the prime factors of 2648042.
2, 113, 11717
What are the prime factors of 19314243?
3, 13, 165079
List the prime factors of 968484.
2, 3, 11, 23, 29
What are the prime factors of 1034412?
2, 3, 86201
What are the prime factors of 326565?
3, 5, 41, 59
What are the prime factors of 1948112?
2, 313, 389
What are the prime factors of 1296773?
109, 11897
List the prime factors of 360120.
2, 3, 5, 3001
List the prime factors of 945106.
2, 499, 947
List the prime factors of 1483194.
2, 3, 179, 1381
List the prime factors of 1162463.
1162463
What are the prime factors of 956?
2, 239
List the prime factors of 6259942.
2, 13, 61, 3947
List the prime factors of 1147001.
79, 14519
What are the prime factors of 357788?
2, 23, 3889
What are the prime factors of 10936884?
2, 3, 7, 130201
What are the prime factors of 733386?
2, 3, 122231
List the prime factors of 2016504.
2, 3, 7, 4001
What are the prime factors of 10655606?
2, 13, 409831
List the prime factors of 492635.
5, 11, 13, 53
What are the prime factors of 250032?
2, 3, 5209
List the prime factors of 17005153.
11, 61, 25343
What are the prime factors of 370417?
29, 53, 241
What are the prime factors of 1108435?
5, 41, 5407
What are the prime factors of 7303907?
13, 561839
What are the prime factors of 1119671?
7, 17, 97
What are the prime factors of 181914?
2, 3, 30319
List the prime factors of 180792.
2, 3, 31
What are the prime factors of 11879500?
2, 5, 23, 1033
What are the prime factors of 109170?
2, 3, 5, 1213
List the prime factors of 22288.
2, 7, 199
List the prime fa